.
1078
Convert -204413 (base 5) to base 16.
-1aca
What is 55624 (base 7) in base 6?
144544
What is 110001 (base 2) in base 16?
31
What is -1110000110 (base 2) in base 16?
-386
Convert -222000 (base 3) to base 4.
-22332
c0 (base 15) to base 12
130
What is -1125 (base 7) in base 15?
-1c6
-7128 (base 9) to base 5
-131320
-1366 (base 9) to base 16
-408
Convert 721 (base 10) to base 11.
5a6
-1805 (base 10) to base 2
-11100001101
What is -43503 (base 7) in base 13?
-4c50
Convert -210221 (base 3) to base 10.
-592
Convert 157 (base 12) to base 13.
133
What is -475 (base 13) in base 4?
-30010
What is 244133 (base 6) in base 10?
21657
-1544 (base 11) to base 7
-5533
229 (base 12) to base 3
102220
Convert -16598 (base 11) to base 4.
-11230223
What is -110000101 (base 2) in base 14?
-1db
What is -47e (base 15) in base 3?
-1101202
22a1a (base 12) to base 3
2100122011
Convert 4b1 (base 16) to base 13.
715
345013 (base 6) to base 12
15169
-5050 (base 6) to base 5
-13420
699 (base 15) to base 4
113112
Convert 12210000 (base 3) to base 2.
1000001110100
Convert 2042234 (base 5) to base 10.
34069
Convert -1001011 (base 2) to base 4.
-1023
Convert -856a (base 13) to base 4.
-10201031
What is -21355 (base 8) in base 15?
-29b1
Convert 2223 (base 6) to base 4.
20013
-1b26 (base 13) to base 16
-ff8
Convert 19d (base 15) to base 6.
1421
What is 321 (base 11) in base 2?
110000010
-101000110101 (base 2) to base 8
-5065
What is -11110101000 (base 2) in base 11?
-1522
-507 (base 9) to base 8
-634
-1145 (base 7) to base 9
-522
Convert -12020210 (base 3) to base 13.
-1986
Convert 1 (base 15) to base 9.
1
What is 11111110 (base 2) in base 10?
254
What is -11011110110 (base 2) in base 7?
-5124
-141a (base 11) to base 3
-2112000
What is -3331310 (base 4) in base 16?
-3f74
Convert -43898 (base 10) to base 14.
-11dd8
Convert -22003 (base 4) to base 16.
-283
-223 (base 5) to base 7
-120
764 (base 12) to base 9
1434
Convert -372e (base 16) to base 2.
-11011100101110
Convert -1323 (base 4) to base 8.
-173
-6103 (base 7) to base 4
-200332
What is -561 (base 10) in base 14?
-2c1
Convert -2303 (base 8) to base 15.
-564
Convert 5a74 (base 15) to base 10.
19234
What is -1304 (base 14) in base 12?
-1b20
-302 (base 14) to base 9
-725
263521 (base 7) to base 15
e924
Convert -1e7 (base 16) to base 9.
-601
Convert 1435 (base 6) to base 10.
383
Convert -3328 (base 9) to base 8.
-4630
What is -12702 (base 9) in base 14?
-31b6
Convert -1055 (base 6) to base 9.
-308
-6a6 (base 13) to base 16
-47e
What is 44370 (base 9) in base 16?
731a
Convert -520 (base 14) to base 9.
-1340
Convert -1532 (base 6) to base 11.
-349
What is -212222112 (base 3) in base 9?
-25875
17225 (base 8) to base 13
3743
-435 (base 8) to base 5
-2120
112002202 (base 3) to base 4
2200220
307 (base 8) to base 6
531
906 (base 16) to base 5
33220
1000010110 (base 2) to base 10
534
What is 12445 (base 7) in base 16?
cf4
What is 120431 (base 5) in base 14?
18cb
What is -21fb (base 16) in base 11?
-6599
28a (base 11) to base 9
417
1222c (base 14) to base 15
d20b
121330 (base 5) to base 11
34a3
Convert 8afd (base 16) to base 11.
24807
What is 5021 (base 6) in base 15?
4cd
Convert -33235 (base 6) to base 16.
-1217
What is -10000111010001111 (base 2) in base 16?
-10e8f
Convert -4779 (base 13) to base 12.
-59b3
-2752 (base 9) to base 8
-4030
Convert -50a5 (base 13) to base 10.
-11120
Convert -3557 (base 11) to base 13.
-2176
-76205 (base 8) to base 15
-96a2
-39c (base 14) to base 7
-2055
6d7 (base 16) to base 3
2101212
What is 21012211 (base 3) in base 2?
1010010001100
What is -21000 (base 3) in base 15?
-c9
Convert -224335 (base 6) to base 10.
-19139
Convert -200100 (base 3) to base 2.
-111101111
Convert -2b1 (base 12) to base 8.
-645
Convert -371 (base 8) to base 15.
-119
Convert 16a (base 15) to base 13.
1c0
Convert -111001000100010 (base 2) to base 16.
-7222
Convert -422 (base 5) to base 2.
-1110000
Convert -1ab14 (base 13) to base 15.
-107dc
-199 (base 13) to base 10
-295
What is 36cc (base 15) in base 8?
26623
-177c (base 16) to base 3
-22020200
Convert 64350 (base 9) to base 5.
2330240
-12206 (base 10) to base 3
-121202002
What is 9348 (base 15) in base 12?
16012
105b8 (base 15) to base 6
1040215
Convert 18dd6 (base 15) to base 2.
10011101101101111
Convert 2223123 (base 5) to base 16.
98fb
-22a4 (base 13) to base 7
-20121
-396 (base 11) to base 10
-468
Convert ef (base 16) to base 2.
11101111
Convert -340 (base 9) to base 6.
-1143
Convert 560d (base 15) to base 14.
690a
136361 (base 7) to base 2
110011010010010
-174 (base 16) to base 15
-19c
What is -120102 (base 3) in base 12?
-2a8
-147f (base 16) to base 13
-2508
What is 2111200202 (base 3) in base 11?
34093
Convert 811 (base 13) to base 10.
1366
Convert -11110110 (base 3) to base 2.
-110010110100
-319f (base 16) to base 4
-3012133
Convert -14a (base 14) to base 10.
-262
What is -13030 (base 4) in base 15?
-20a
What is 25240 (base 10) in base 9?
37554
20321 (base 4) to base 12
3b5
20211120 (base 3) to base 13
2364
-1010000101011 (base 2) to base 15
-17e3
Convert 374 (base 13) to base 14.
310
Convert 225 (base 15) to base 3.
122222
What is -6196 (base 11) in base 4?
-2000110
-101 (base 8) to base 13
-50
What is 5b88 (base 12) in base 14?
3a9a
What is -1484 (base 9) in base 16?
-469
-82c (base 13) to base 5
-21030
-984 (base 12) to base 15
-631
-102211 (base 5) to base 8
-6547
Convert 2ef7 (base 16) to base 10.
12023
Convert -1020 (base 5) to base 6.
-343
Convert 13142 (base 7) to base 12.
2045
What is 205 (base 15) in base 12?
31b
Convert 301 (base 7) to base 10.
148
What is 8222 (base 12) in base 15?
42c8
-5573 (base 9) to base 11
-3102
What is -134222 (base 5) in base 13?
-26bb
Convert 699 (base 10) to base 2.
1010111011
Convert -100011120 (base 3) to base 4.
-1220130
Convert -692 (base 10) to base 12.
-498
Convert -1353 (base 6) to base 2.
-101100101
What is -2230300 (base 5) in base 4?
-21220122
Convert -34324 (base 5) to base 16.
-9a0
What is -6870 (base 10) in base 6?
-51450
213110 (base 4) to base 15
b2b
What is 1200020 (base 4) in base 16?
1808
What is -27068 (base 9) in base 11?
-12815
Convert 9f9 (base 16) to base 7.
10305
143 (base 5) to base 11
44
Convert -220012 (base 3) to base 11.
-544
Convert -4941 (base 13) to base 2.
-10100001111010
-1927 (base 14) to base 10
-4543
What is 11101110 (base 2) in base 11?
1a7
What is 1249 (base 10) in base 12?
881
What is -1240103 (base 5) in base 4?
-11331103
Convert -522 (base 7) to base 10.
-261
Convert -101402 (base 6) to base 14.
-2d74
1000110000000 (base 2) to base 5
120410
What is 103332 (base 4) in base 15?
5a3
-7e75 (base 15) to base 5
-1330020
-15226 (base 7) to base 4
-1002022
What is -2173 (base 9) in base 4?
-121011
b (base 13) to base 15
b
45262 (base 7) to base 8
26305
-408 (base 11) to base 7
-1302
63 (base 14) to base 11
7a
Convert 764 (base 8) to base 7.
1313
What is -23103 (base 4) in base 10?
-723
Convert 1643 (base 12) to base 14.
d6b
Convert -137 (base 16) to base 5.
-2221
What is -222 (base 5) in base 11?
-57
What is 300 (base 7) in base 12?
103
-2132 (base 7) to base 13
-464
Convert -2037 (base 8) to base 5.
-13210
Convert 3132 (base 4) to base 15.
ec
What is a331 (base 11) in base 2?
11010110001011
What is -11010200 (base 3) in base 11?
-22a1
What is 11000001111000 (base 2) in base 12?
7220
What is ae6 (base 15) in base 13?
1179
-2001002 (base 3) to base 13
-8a5
Convert 357 (base 10) to base 15.
18c
What is 1110000011 (base 2) in base 7?
2423
What is -503 (base 9) in base 2?
-110011000
Convert 418c (base 16) to base 15.
4e8a
-173 (base 8) to base 11
-102
1212 (base 5) to base 11
156
Convert 111100000001 (base 2) to base 7.
14125
1053 (base 9) to base 10
777
Convert 10001102 (base 3) to base 12.
1355
274f (base 16) to base 11
7619
Convert 11100012 (base 3) to base 15.
e0e
-3063 (base 8) to base 15
-70c
Convert 5d8 (base 14) to base 5.
14140
Convert -15934 (base 11) to base 2.
-101011110010110
Convert -11210 (base 7) to base 4.
-230201
441 (base 9) to base 6
1401
What is 3561 (base 9) in base 13?
1288
Convert 35822 (base 9) to base 3.
1012220202
Convert -129 (base 10) to base 16.
-81
What is -20 (base 9) in base 11?
-17
-1333122 (base 4) to base 8
-17732
-111176 (base 8) to base 13
-140ba
584 (base 11) t